prime number?
False
Is 420831295 prime?
False
Is 187903 a composite number?
True
Is 107155299 a prime number?
False
Is 34521379 a prime number?
False
Is 37447249 composite?
True
Is 141778639 prime?
False
Is 28374431 prime?
True
Is 5358953 prime?
True
Is 141989153 composite?
False
Is 513398 composite?
True
Is 38631433 a prime number?
True
Is 4733329 a prime number?
True
Is 7107817 prime?
True
Is 5734019 a composite number?
True
Is 101456119 composite?
True
Is 535859 a prime number?
True
Is 21371759 a composite number?
False
Is 138767 a prime number?
False
Is 1347511 a prime number?
False
Is 2032627 a prime number?
True
Is 5095877 prime?
True
Is 74425201 a composite number?
True
Is 60746291 a prime number?
True
Is 36435259 a composite number?
True
Is 100147127 a composite number?
True
Is 829271 composite?
True
Is 2677307 composite?
True
Is 15783683 prime?
False
Is 55580447 a composite number?
True
Is 5415491 prime?
False
Is 22346029 a composite number?
False
Is 431957 a composite number?
True
Is 266098801 prime?
True
Is 37176907 a prime number?
False
Is 1293077 composite?
False
Is 20261701 prime?
True
Is 13148885 a composite number?
True
Is 27889907 prime?
True
Is 126337559 a prime number?
True
Is 243665077 composite?
False
Is 9168041 prime?
True
Is 87799633 composite?
False
Is 4482209 prime?
True
Is 52124641 composite?
False
Is 58614533 composite?
False
Is 112402481 a composite number?
True
Is 285440849 prime?
True
Is 67085843 a prime number?
False
Is 36904073 prime?
True
Is 26199463 prime?
False
Is 29315311 composite?
True
Is 7173547 a prime number?
True
Is 207733333 prime?
True
Is 27374747 prime?
True
Is 46943863 a composite number?
False
Is 7766893 a prime number?
False
Is 2152729 a prime number?
True
Is 2066833 prime?
True
Is 59516551 prime?
False
Is 593161 a prime number?
False
Is 417613 prime?
False
Is 203617403 composite?
True
Is 265954861 composite?
False
Is 50669341 prime?
False
Is 7325479 a prime number?
False
Is 13904051 prime?
False
Is 9365659 prime?
True
Is 133252859 prime?
False
Is 17247819 composite?
True
Is 259087 a prime number?
False
Is 220359 a prime number?
False
Is 197387249 a prime number?
True
Is 10463693 a prime number?
False
Is 101267 composite?
False
Is 576751 a composite number?
True
Is 2276569 a prime number?
False
Is 8095855 composite?
True
Is 22058989 prime?
True
Is 166695301 composite?
False
Is 27055277 a prime number?
True
Is 2802199 composite?
False
Is 5946433 a composite number?
True
Is 24428147 a composite number?
False
Is 3025951 composite?
True
Is 2982431 a composite number?
False
Is 30730727 prime?
True
Is 263201 a composite number?
False
Is 4056209 prime?
True
Is 60628226 composite?
True
Is 192389762 composite?
True
Is 198926929 a composite number?
True
Is 4256223 a prime number?
False
Is 3467039 composite?
False
Is 32929991 a composite number?
False
Is 84528377 a composite number?
True
Is 50707 composite?
False
Is 5670359 a composite number?
False
Is 99961 prime?
True
Is 14446487 prime?
False
Is 31483 a prime number?
False
Is 1146327851 composite?
False
Is 5102891 composite?
True
Is 1457569 a composite number?
True
Is 143361451 prime?
True
Is 19397191 composite?
True
Is 101306591 composite?
True
Is 2619163 a composite number?
False
Is 17080877 a prime number?
False
Is 83085297 a prime number?
False
Is 6134519 prime?
True
Is 94620509 composite?
False
Is 251939 prime?
True
Is 96358555 composite?
True
Is 32957167 prime?
True
Is 619537 prime?
True
Is 1339621 composite?
True
Is 3159907 prime?
True
Is 4801673 prime?
True
Is 588813 composite?
True
Is 66376133 a prime number?
False
Is 59800981 a prime number?
True
Is 2988247 composite?
True
Is 5003227 composite?
False
Is 3709609 a composite number?
True
Is 9668811 prime?
False
Is 4238783 a composite number?
False
Is 5901845 a prime number?
False
Is 3811783 composite?
False
Is 4502747 composite?
False
Is 34079231 composite?
False
Is 1417487 a prime number?
True
Is 3357722 a prime number?
False
Is 189029353 composite?
False
Is 18375617 prime?
False
Is 75218411 a composite number?
False
Is 30658099 a composite number?
False
Is 84427691 a composite number?
False
Is 338627 composite?
True
Is 312929 prime?
True
Is 13489037 a prime number?
True
Is 3963143 a prime number?
False
Is 38221867 composite?
True
Is 33142183 prime?
False
Is 6632141 a prime number?
True
Is 13794685 a composite number?
True
Is 1117453 a prime number?
False
Is 319260497 composite?
False
Is 56347523 composite?
True
Is 432925015 a composite number?
True
Is 325124321 a prime number?
True
Is 184512733 composite?
True
Is 102673751 prime?
True
Is 50881053 a prime number?
False
Is 3748579 a prime number?
False
Is 554035 a composite number?
True
Is 20436649 composite?
True
Is 1986461 a composite number?
False
Is 923411689 composite?
False
Is 28665019 prime?
True
Is 19958977 a prime number?
True
Is 4279111 composite?
False
Is 14444971 composite?
False
Is 7742737 a prime number?
True
Is 129132767 prime?
True
Is 14508509 prime?
True
Is 1920733 a composite number?
True
Is 22125283 a prime number?
True
Is 206227079 a composite number?
True
Is 752281 prime?
True
Is 500231597 composite?
False
Is 8119777 composite?
False
Is 16239023 prime?
True
Is 7046833 a prime number?
True
Is 36559307 a composite number?
False
Is 2219731 composite?
False
Is 1440313 composite?
True
Is 18427759 prime?
False
Is 92078795 composite?
True
Is 24063971 a composite number?
True
Is 325397327 a prime number?
True
Is 776599 a composite number?
False
Is 15811157 prime?
False
Is 775493 composite?
True
Is 9216357 a composite number?
True
Is 10970669 a prime number?
True
Is 2400339 a composite number?
True
Is 78984527 prime?
False
Is 214526271 a composite number?
True
Is 769463 composite?
False
Is 89620715 a prime number?
False
Is 10669629 prime?
False
Is 1783987 prime?
False
Is 23411573 a composite number?
False
Is 25077881 composite?
False
Is 236565347 a composite number?
False
Is 3772429 a prime number?
False
Is 9822509 a composite number?
False
Is 65252071 prime?
True
Is 80597249 composite?
False
Is 51221167 prime?
True
Is 122059681 composite?
True
Is 3663193 composite?
True
Is 3877763 a composite number?
False
Is 3059659 prime?
True
Is 26003383 a prime number?
False
Is 444539 composite?
False
Is 122583829 prime?
False
Is 41707342 a composite number?
True
Is 486011 composite?
True
Is 1715702 prime?
False
Is 259321 composite?
False
Is 33607663 a composite number?
False
Is 9043789 a composite number?
False
Is 20339819 a composite number?
False
Is 3977153 a composite number?
False
Is 4684613 a composite number?
False
Is 16446489 a prime number?
False
Is 3205303 a prime number?
False
Is 9335549 a composite number?
False
Is 38026853 composite?
False
Is 231461 prime?
True
Is 74968791 prime?
False
Is 268389059 a prime number?
True
Is 648633355 a prime number?
False
Is 89214487 composite?
True
Is 123227011 a composite number?
True
Is 2486371 composite?
False
Is 97075801 prime?
False
Is 82912913 a prime number?
False
Is 18520441 a composite number?
False
Is 1384139 a prime number?
True
Is 10336297 a prime number?
False
Is 1838167 a composite number?
False
Is 1433021 prime?
True
Is 119078177 a prime number?
True
Is 729517 prime?
False
Is 102293999 a composite number?
True
Is 172800483 a composite number?
True
Is 13412041 a prime number?
True
Is 2939993 a prime number?
False
Is 12265727 a composite number?
False
Is 1104500359 a prime number?
True
Is 67509727 a composite number?
False
Is 3889537 a composite number?
False
Is 14634889 a composite number?
False
Is 9747937 a prime number?
False
Is 170138861 a prime number?
True
Is 358621 a composite number?
True
Is 29759813 a composite number?
False
Is 328885 a prime number?
False
Is 86620115 prime?
False
Is 4277813 composite?
False
Is 78825841 composite?
True
Is 447341 prime?
False
Is 66560869 a prime number?
False
Is 374149 composite?
False
Is 651905993 composite?
True
Is 150057601 prime?
False
Is 11944753 a prime number?
True
Is 18330259 prime?
False
Is 199669069 a composite number?
False
Is 48174801 a composite number?
True
Is 2384363 a prime number?
True
Is 39176647 a composite number?
True
Is 153012199 a composite number?
False
Is 5317517 a composite number?
False
Is 511943 prime?
False
Is 1340